 308 divide 1828205764?
True
Is 15 a factor of 34761589?
False
Is 6701766 a multiple of 92?
False
Does 104 divide 231214776?
True
Is 1655 a factor of 1256085420?
True
Is 521 a factor of 389841897?
True
Is 263320674 a multiple of 3?
True
Is 6 a factor of 303009981?
False
Does 48 divide 1084650480?
True
Does 21 divide 1351612452?
False
Is 325957716 a multiple of 3612?
True
Is 1134 a factor of 40351647?
False
Is 73 a factor of 34426143?
True
Is 398875523 a multiple of 13?
False
Is 10 a factor of 1844142?
False
Is 73219920 a multiple of 40?
True
Is 1695312120 a multiple of 15?
True
Is 291501826 a multiple of 22?
True
Is 69888039 a multiple of 39?
True
Does 6 divide 303119657?
False
Is 279928967 a multiple of 29?
True
Is 561107400 a multiple of 2100?
True
Is 399 a factor of 11256198?
False
Is 136 a factor of 161977224?
True
Is 119185062 a multiple of 2073?
True
Is 3 a factor of 52518087?
True
Does 51 divide 2615039203?
False
Is 53 a factor of 105040064?
True
Is 29 a factor of 673453863?
True
Does 239 divide 31573173?
False
Does 4 divide 569991784?
True
Is 55176580 a multiple of 1140?
False
Is 315428940 a multiple of 6?
True
Does 1388 divide 377134868?
True
Does 11398 divide 2641748654?
True
Is 6 a factor of 777478065?
False
Is 1188789927 a multiple of 331?
False
Is 25036523 a multiple of 6?
False
Is 30205817 a multiple of 5?
False
Is 207159874 a multiple of 22?
False
Does 3488 divide 200772768?
True
Does 3451 divide 648970027?
False
Is 17 a factor of 1420989078?
False
Does 456 divide 2176604736?
True
Does 25 divide 75287300?
True
Is 42 a factor of 60634812?
True
Is 193453951 a multiple of 571?
False
Does 2849 divide 235330249?
True
Does 338 divide 1065376?
True
Is 28 a factor of 40592499?
False
Is 175 a factor of 27390201?
False
Is 5352 a factor of 387693316?
False
Does 973 divide 89946579?
False
Does 3 divide 27411959?
False
Is 5 a factor of 420676370?
True
Does 343 divide 7054874?
False
Is 17 a factor of 178313?
True
Is 220 a factor of 2343220?
True
Is 142570334 a multiple of 13?
False
Is 3171514 a multiple of 41?
True
Is 481012547 a multiple of 23?
True
Is 32 a factor of 15489600?
True
Is 1548304484 a multiple of 628?
True
Does 53 divide 935662?
True
Does 140 divide 241363301?
False
Does 465 divide 9112125?
False
Is 1015119684 a multiple of 43?
False
Is 49 a factor of 204223890?
False
Does 47 divide 69113265?
True
Is 46 a factor of 142527182?
True
Is 22 a factor of 5166568?
True
Is 584222940 a multiple of 492?
True
Does 114 divide 32124288?
True
Is 350828940 a multiple of 2310?
True
Does 111 divide 2902872?
True
Is 3708740158 a multiple of 1675?
False
Does 171 divide 39941838?
True
Is 84 a factor of 30072378?
False
Does 26 divide 311746188?
True
Does 550 divide 8568510?
False
Is 549836775 a multiple of 9705?
True
Is 80528328 a multiple of 654?
True
Is 4640649 a multiple of 257?
True
Is 1162475378 a multiple of 1681?
True
Does 973 divide 89348644?
True
Is 24 a factor of 597440928?
True
Is 20476230 a multiple of 5?
True
Is 1494185368 a multiple of 6?
False
Is 875714 a multiple of 2?
True
Does 48 divide 49267200?
True
Does 38 divide 329021594?
True
Does 4498 divide 33504549?
False
Is 49 a factor of 2022765374?
True
Is 96 a factor of 9772032?
True
Does 57 divide 715728270?
False
Is 318 a factor of 1175581816?
False
Is 5 a factor of 41939080?
True
Does 6 divide 9551142?
True
Does 541 divide 18034864?
False
Is 462557777 a multiple of 141?
False
Does 129 divide 76031181?
True
Is 16850852 a multiple of 34?
False
Is 239 a factor of 1308773321?
True
Is 1251465276 a multiple of 51?
False
Is 373 a factor of 78088669?
True
Is 40 a factor of 25869675?
False
Does 29 divide 1759941894?
False
Is 14 a factor of 241296503?
False
Is 3535717120 a multiple of 340?
True
Does 195 divide 786231073?
False
Is 2 a factor of 962652820?
True
Is 34805193 a multiple of 8129?
False
Does 36 divide 21727404?
True
Does 15 divide 1018998390?
True
Does 36 divide 5761908?
True
Does 6034 divide 240984883?
False
Is 184691058 a multiple of 915?
False
Does 80 divide 75095652?
False
Is 1546124818 a multiple of 4428?
False
Does 2362 divide 537221654?
False
Is 1047768148 a multiple of 19?
True
Is 11 a factor of 343372812?
False
Is 1152 a factor of 194329728?
True
Is 34865415 a multiple of 535?
True
Is 6852449165 a multiple of 85?
True
Is 33 a factor of 237928729?
False
Does 76 divide 20683932?
True
Does 326 divide 32920132?
True
Does 5 divide 1367697110?
True
Is 3031 a factor of 61319786?
False
Is 289 a factor of 202322822?
False
Is 1355721919 a multiple of 6057?
False
Does 50 divide 210705602?
False
Is 681 a factor of 8087556?
True
Is 22562540 a multiple of 1127?
True
Is 25 a factor of 19701437?
False
Is 2073 a factor of 413615493?
False
Is 21 a factor of 17832509?
False
Is 8009014 a multiple of 201?
False
Is 33063756 a multiple of 545?
False
Does 196 divide 33486801?
False
Is 317130996 a multiple of 6?
True
Does 6 divide 41876064?
True
Does 1513 divide 121528575?
False
Is 25 a factor of 79116450?
True
Does 29 divide 160896901?
True
Does 12680 divide 6352028872?
False
Is 1038 a factor of 281781417?
False
Is 37827345 a multiple of 2317?
False
Does 99 divide 13762881?
True
Is 35119213 a multiple of 79?
True
Does 9 divide 6848015?
False
Is 101 a factor of 198643278?
False
Is 161243324 a multiple of 44?
True
Does 44 divide 116429101?
False
Is 46331174 a multiple of 47?
False
Is 82282913 a multiple of 2?
False
Is 21 a factor of 48045046?
False
Does 1034 divide 16165188?
False
Is 53576305 a multiple of 51?
False
Is 200875840 a multiple of 20?
True
Is 177 a factor of 49379991?
True
Is 150106928 a multiple of 37?
True
Does 118 divide 438750356?
False
Is 5887304 a multiple of 18?
False
Is 24825424 a multiple of 13?
True
Is 2978052 a multiple of 586?
True
Does 20 divide 31952040?
True
Is 24405990 a multiple of 322?
True
Is 276242334 a multiple of 8?
False
Is 244 a factor of 23193176?
True
Is 42 a factor of 487338684?
True
Does 533 divide 34792641?
True
Is 29943655 a multiple of 49?
True
Is 237142815 a multiple of 91?
True
Is 21667120 a multiple of 15?
False
Does 3163 divide 793963608?
True
Is 20 a factor of 93891659?
False
Is 4439216307 a multiple of 82?
False
Is 4921 a factor of 598979199?
True
Is 121 a factor of 2624433130?
True
Is 5 a factor of 2987859?
False
Does 11 divide 168599299?
True
Does 152 divide 287650425?
False
Is 92163921 a multiple of 1591?
False
Is 36 a factor of 22375984?
False
Is 9 a factor of 31335800?
False
Is 124526466 a multiple of 291?
True
Does 8 divide 57326016?
True
Does 1141 divide 1056384581?
True
Is 374389285 a multiple of 2082?
False
Is 609903470 a multiple of 29?
False
Is 887608488 a multiple of 3621?
True
Does 53 divide 29113297?
False
Is 133 a factor of 3262746891?
False
Is 371 a factor of 17629964?
False
Is 170 a factor of 1871886?
False
Is 14987188 a multiple of 3709?
False
Does 9 divide 940659729?
False
Does 39 divide 135416972?
False
Is 2411080950 a multiple of 222?
True
Is 494 a factor of 303641585?
False
Is 42358875 a multiple of 375?
True
Is 254 a factor of 13714310?
False
Is 5116575 a multiple of 75?
True
Is 919 a factor of 209036659?
True
Is 1409 a factor of 103163544?
False
Is 1050 a factor of 92848350?
True
Is 754 a factor of 492959020?
False
Does 18 divide 78385320?
True
Does 853 divide 582807302?
False
Is 784 a factor of 40502224?
True
Does 36 divide 1028562?
False
Is 206560676 a multiple of 98?
True
Does 29 divide 52049253?
False
Is 295822884 a multiple of 21?
True
Is 862 a factor of 509931896?
False
Is 71 a factor of 50587571?
True
Does 591 divide 129046623?
True
Does 10 divide 14492269?
False
Does 41 divide 110094882?
False
Is 497971891 a multiple of 18?
False
Does 63 divide 813059667?
True
Is 36 a factor of 175611060?
True
Is 79836173 a multiple of 7?
False
Is 615022344 a multiple of 526?
True
Is 208160210 a multiple of 10?
True
Does 4 divide 473096780?
True
Is 323566898 a multiple of 167?
False
Does 297 divide 16646256?
True
Is 46733679 a multiple of 813?
True
Is 86975358 a multiple of 417?
True
Is 2 a factor of 88632338?
True
Does 39 divide 46211576?
False
Is 70 a factor of 336363?
False
Does 5 divide 41811820?
True
Does 7111 divide 1417921268?
False
Is 117768006 a multiple of 152?
False
Does 181 divide 2592227170?
False
Is 11624220 a multipl